 value of (9 - 0) + -6 + -2 + 0?
1
Calculate 0 + 1 + -6 + -1.
-6
Calculate 2 - 1 - (1 - (0 + 2)).
2
Calculate 15 + 6 + (-1 - 6) + -5.
9
(0 - 1) + -1 + -14 + 19
3
What is 0 - (3 + (0 - 1))?
-2
What is the value of (14 - 22) + 10 + -6?
-4
Evaluate 2 - 2 - (10 + -7).
-3
(13 - 5) + -5 - (1 + -2)
4
What is (-2 + -3 - (-3 - 0)) + -2?
-4
What is the value of 6 - (7 + (-4 - 2) + 4)?
1
What is the value of -4 - (6 + -17 - -1)?
6
11 + 9 + -15 - 9
-4
What is the value of (2 - 2) + (-11 - (-11 - -4))?
-4
-3 - ((-5 - 0) + 3)
-1
Calculate 6 - (18 + 4 + -10).
-6
What is the value of (1 - -1 - -1) + (-123 - -109)?
-11
Calculate (-11 - -13) + (0 - 1).
1
What is 2 + -4 + -2 + 3 + 3?
2
(3 - 1) + -2 - (-4 + 0)
4
What is 1 - ((-1 - -11) + -2 + -3)?
-4
0 + (7 - 2) + (-5 - -2)
2
What is (5 - (5 - 2)) + -2?
0
What is the value of ((-5 - 2) + 5 - -6) + -1?
3
What is the value of 5 + 0 + -6 + (2 - 0)?
1
Calculate (-2 - -1) + 35 + -29.
5
-1 + (-5 - -6) - 1
-1
What is 4 + -8 + (2 - -3) - 3?
-2
What is -6 + (-3 + -3 - (0 - 16))?
4
What is 1 - (8 - (1 - -3))?
-3
What is -5 + (-7 - (-5 + (-4 - 3)))?
0
What is -4 + (5 + 0 - -1)?
2
What is the value of -1 + 4 - (-29 + 33)?
-1
Calculate 26 + -35 + -2 + 10 + -3.
-4
What is -7 + (0 - (7 + -14 + 9))?
-9
Evaluate 10 + -6 + -1 + 4.
7
What is (0 + -1 + -1 - -3) + 0?
1
Evaluate 3 - 1 - (-3 - -1) - 3.
1
Evaluate -5 - (-2 + 3 - 3).
-3
Calculate 1 + (26 + -17 - (3 + 1)).
6
Evaluate 4 + -6 + (2 - 5) + 0.
-5
Evaluate -4 - (1 - 3) - -4.
2
Evaluate -3 + (15 - 16 - (-7 + 1)).
2
Calculate -3 - (-4 + 2) - (2 + 0).
-3
Evaluate 2 - (0 - (0 + (-1 - 1))).
0
What is the value of -17 - (-9 - -11 - 15)?
-4
(-2 - (5 + 4)) + 2
-9
What is the value of -1 + (0 - -8) + -4?
3
Evaluate 3 - (0 + -14 + 21).
-4
Evaluate 5 + 2 - 2 - 6.
-1
Evaluate (-4 + -21 - -9) + 7.
-9
What is 5 - (-4 + (3 - -4)) - 2?
0
What is the value of (0 - 3 - -5) + -3 + 3?
2
What is the value of (2 - (-5 - (3 + 0))) + -4?
6
What is the value of -3 - (30 - 30 - (0 + 1))?
-2
What is -1 - ((-2 - -4 - 0) + 1)?
-4
Evaluate -5 + (1 - 0) + 4 + 2.
2
(0 - -1) + -14 + 9
-4
What is -2 - (-3 + -1) - 1 - 3?
-2
What is (-1 - -5) + 0 + 0 - 9?
-5
Evaluate 1 + (-3 - -3) - (7 - 3).
-3
5 + -6 + -1 + 4 - -1
3
What is the value of 6 - 1 - (-4 - (11 + -15))?
5
What is -3 - ((-10 - -5) + 0 - -5)?
-3
Calculate 5 + 0 + 20 + -30 + -6.
-11
Calculate 4 - (3 - -4) - (-8 + 0).
5
Calculate -9 + (8 - -2) + 5 + -1.
5
Evaluate (5 + -2 - (4 - 3)) + -4.
-2
What is 0 - 5 - (1 - 1 - 9)?
4
9 - (17 + -6 - 10)
8
What is the value of 14 - (-10 + 4 + 13)?
7
What is -5 + (3 - (-1 + 5) - -7)?
1
What is the value of 0 + -6 + (13 - -1 - 6)?
2
Evaluate -1 + -1 + -1 + -2.
-5
What is (-8 + 6 - (2 - -1)) + 3?
-2
-4 + (-1 + (4 - 0) - -6)
5
Evaluate -3 - -6 - (-1 + 3) - 4.
-3
What is -9 + (2 - -23) + -10?
6
What is 1 + -1 + (-2 + -7 - -9)?
0
Calculate -3 - (-15 + 8 - 2).
6
What is 3 - (-1 + (3 - 1))?
2
What is -10 + 6 + 3 + -1?
-2
What is the value of -2 - 1 - (-1 - -1)?
-3
1 - 4 - (-15 - (-8 + 1))
5
What is the value of 2 - ((-2 - 0 - -4) + 0)?
0
Evaluate (-1 - (10 + -7)) + 2 + 2.
0
6 - (-2 + 2 - (4 - 7))
3
Calculate -2 - 5 - (-1 - 5).
-1
What is the value of 0 + 7 + 5 + -9?
3
Calculate 3 + -6 + 1 + -4 + 5.
-1
What is 3 - 2 - (1 + 0 + 0)?
0
Evaluate 8 + -4 + -10 - (-2 - 0).
-4
What is the value of 2 + -7 - (0 + 5 + -16)?
6
Evaluate -4 + 3 + -3 - -4.
0
Calculate (-52 - -47) + (5 - 1).
-1
Evaluate 0 - 8 - (-29 - -17).
4
-4 - (-2 + 1) - 1
-4
(-3 - -4) + 4 + 3 + -18
-10
What is the value of -9 + 1 + (-1 - -6)?
-3
Calculate 2 + -5 + 6 + -1.
2
-2 + (4 + -2 + -3 - 1)
-4
(-4 - 2) + 8 + (0 - 3)
-1
Calculate 12 + (-23 - (-1 - 12)).
2
Evaluate 9 - 7 - -1 - 2.
1
Calculate 2 + (2 - (-1 - 0) - 8).
-3
Evaluate (5 - 5) + 0 + 2.
2
What is the value of -21 + 13 + (9 - -4)?
5
Evaluate 7 - (7 + 5 + -2).
-3
What is (1 - (11 - 2)) + 3?
-5
What is -5 + (-2 - -4) - (-3 + 2)?
-2
What is the value of 2 - (3 - -10 - 7)?
-4
What is the value of 0 + 1 + 5 - (-31 + 33)?
4
Evaluate -1 + 8 + 2 + -3 + -2.
4
3 + (2 - 0 - -4)
9
-7 - -13 - 0 - (4 + 1)
1
What is 4 + (-14 + 15 - (5 + -1))?
1
What is the value of (0 + 3 - -1) + 4 - 6?
2
What is (-14 - -12) + -8 + 9 + -2?
-3
Evaluate -2 + 4 + -1 + (2 - 0).
3
-3 + (3 - (-5 - -4)) + -1
0
Calculate -5 - (-1 - ((5 - 7) + 7)).
1
What is the value of -1 + (3 + -5 - -12) + -5?
4
(-19 - (-13 - -6)) + 8
-4
What is the value of 1 + (4 - 3 - (8 + -3))?
-3
Calculate 2 + (4 - -1) - (0 - -13).
-6
6 + -4 + (-8 - -10) - 5
-1
Calculate (1 - 3) + -4 + 1 + 0.
-5
(0 - 4) + 12 + -4
4
What is -3 + (7 - ((-2 - -2) + 3))?
1
45 - 36 - (-1 - (-17 - -1))
-6
What is the value of 4 + -9 - (2 + (-1 - 0))?
-6
-4 + (-6 - (1 + -5)) + 8
2
What is -3 - (15 + -12 + (-3 - 0))?
-3
What is -7 - -4 - (-7 + -1)?
5
Evaluate 14 - (-3 + (-3 - -12)).
8
What is 9 + -4 - 4 - 3?
-2
5 - (1 - (-3 + 2))
3
Evaluate -1 + 4 + -2 - 0.
1
Calculate -3 + 8 + -5 + 3.
3
(5 + 1 - 8) + 6 + -1
3
-2 - 1 - -1 - 0
-2
What is 2 + (-9 + 4 - -7) + -9?
-5
-2 + 11 + -11 - -8
6
What is the value of 11 + (4 + -7 - 5)?
3
Evaluate (-6 - 1) + (-1 - -5).
-3
Calculate 1 + (-3 - (-7 - -11)) + 13.
7
3 - ((10 - 12) + (-3 - -5))
3
What is the value of -1 + 4 + -2 + -11 - -6?
-4
Evaluate (1 - -2) + 21 + -31.
-7
Calculate (-6 - -4) + 2 - 0.
0
What is (-1 - -6 - (-17 - -24)) + 2?
0
Calculate (2 + -2 - 9) + 4.
-5
Evaluate (-2 - 0) + 3 + 7 - 3.
5
Calculate 4 - (-3 + (3 - 1)).
5
Calculate 2 - (0 - -3 - -1).
-2
Evaluate 1 + 3 - (4 + -5).
5
What is -1 + 0 + -3 + 3?
-1
What is (-7 - 2) + (-7 - -6) + 4?
-6
What is -25 + 11 - (-10 - -3)?
-7
-1 + 0 + 0 + 2 - 1
0
Evaluate -1 + 4 + 3 + -2.
4
What is the value of 0 - (-3 - -4 - (-2 - -7))?
4
What is 0 - (1 + -5) - (8 - 6)?
2
Evaluate (6 + -4 - 6) + (-2 - 0).
-6
(4 - (2 - -2)) + -3 - -1
-2
What is 8 + -2 + -3 - 4?
-1
What is the value of 2 - (2 - (-5 - (-10 - 0)))?
5
Calculate 5 - (1 - (1 - 2)).
3
Evaluate 8 + (-3 - (4 - 2)).
3
What is -12 - (-2 + 12 + -28)?
6
Calculate 11 + -3 + 0 + -5 + -11.
-8
Calculate 5 - (0 + (4 - 1)) - 7.
-5
Evaluate 4 + -4 + 3 - (6 + -2).
-1
What is -4 + (13 - 18) - -10?
1
What is the value of (8 - (6 + 0)) + -8?
-6
What is the value of 0 + 1 + -5 + -1?
-5
What is the value of 0 + (-2 - 1) - (5 - 12)?
4
What is the value of 1 - (-5 + 3) - 2?
1
What is 9 + -3 - (6 - (2 - 0))?
2
What is (19 - (-9 + 15)) + -6?
7
Evaluate 14 - (16 + -7 + 5).
0
What is the value of 1 - -1 - (-2 + 1 + 3)?
0
Calculate 17 - 10 - -5 - (0 + 5).
7
11 - (6 - (-21 + 10))
-6
Calculate (88 - 87) + 1 + -4 + 1.
-1
What is the value of 36 + -41 + 0 + 5?
0
What is -2 - (0 + -6 + 3) - -3?
4
(-3 - 0) + 1 + (-5 - -8)
1
What is 1 + -12 - (1 + (10 - 15))?
-7
Evaluate -69 - -81 - (5 - -1).
6
(-2 - -6) + -2 + (4 - 6)
0
What is the value of -7 - (0 + 2 + -7)?
-2
Calculate 6 + 0 + -33 + 14 + 5.
-8
What is 2 + 0 - (0 - -7)?
-5
Evaluate 12 + 11 + -26 - (1 - 1).
-3
7 + (-8 + 12 - (10 - 5))
6
-4 - (-9 - (2 + -8) - 7)
6
7 + -3 - 1 - (0 + 4)
-1
Calculate (-2 - 0 - 0) + -2 + 1.
-3
-3 + (1 + -2 - (7 + -13))
2
1 - (-1 + 4 + -6 - -2)
2
Calculate (-2 - -1) + (6 - 5).
0
Evaluate -50 - -48 - (-1 - 0).
-1
What is the value of 4 + (-10 - (-9 - -2))?
1
Evaluate 6 + -1 + 1 + -6.
0
What is the value of (1 - (7 - 2)) + 0?
-4
Calculate (0 - -1) + (-1 - (6 - 2)).
-4
What is -8 + (25 - 13) + (6 - 1)?
9
What is the value of (-9 - -9) + 0 + -1 + -1?
-2
Evaluate 7 - (3 + (0 - -5)).
-1
Calculate (2 - (-3 + 8)) + (2 - -1).
0
Evaluate 0 + (-2 - (0 - -3)).
-5
What is -13 + 19 + 3 + -10?
-1
Calculate 2 + (5 - 9) + -3 - 1.
-6
(-1 - -12 - 1) + -57 + 53
6
What is the value of -6 + (12 - 3) + (0 - 4)?
-1
What is the value of 2 - (5 + -11 - -3)?
5
-9 - (34 + -29 - (4 + 0))
-10
Evaluate 0 - -4 - (19 + -19).
4
What is 1 + (0 + (4 - 1) - 2)?
2
Evaluate 1 - -2 - (1 - -1).
1
Evaluate (-9 - (-6 - (3 + -6))) + -1.
-7
What is the value of 2 - (3 - 8 - -7) - -1?
1
What is 0 + -1 + 6 + -3?
2
What is (10 - 22) + 18 + -7?
-1
0 + (-7 - -7) + 3
3
Evaluate (-5 - 1 - -9) + 4 + 0.
7
30 + -39 - (0 + -6)
-3
Calculate -2 - (0 + (-4 + 0 - -2)).
0
What is (1 - 6) + 9 + -6?
-2
0 + -3 + -5 + -13 + 18
-3
What is the value of 0 - (-1 + 2) - -3?
2
What is the value of 7 + -4 - 4 - (1 + -2)?
0
What is 6 + -2 + (2 - 0) - 1?
5
1 + -6 - (74 + -83)
4
Evaluate -11 + (-3 - (-4 - 0)) + 4.
-6
Evaluate 11 - (6 - (3 + -2)).
6
-2 + (-2 - 2 - (-8 + 4))
-2
Calc